hen 2878 is divided by 31.
26
Calculate the remainder when 68 is divided by 14.
12
Calculate the remainder when 465 is divided by 125.
90
Calculate the remainder when 1304 is divided by 87.
86
What is the remainder when 817 is divided by 91?
89
What is the remainder when 1921 is divided by 37?
34
Calculate the remainder when 473 is divided by 79.
78
What is the remainder when 80 is divided by 70?
10
Calculate the remainder when 666 is divided by 28.
22
What is the remainder when 198 is divided by 25?
23
What is the remainder when 68 is divided by 65?
3
Calculate the remainder when 354 is divided by 39.
3
Calculate the remainder when 170 is divided by 64.
42
What is the remainder when 6050 is divided by 29?
18
Calculate the remainder when 797 is divided by 89.
85
Calculate the remainder when 211 is divided by 77.
57
What is the remainder when 1596 is divided by 267?
261
What is the remainder when 3450 is divided by 36?
30
What is the remainder when 1747 is divided by 27?
19
What is the remainder when 26 is divided by 2?
0
What is the remainder when 21666 is divided by 110?
106
What is the remainder when 916 is divided by 18?
16
What is the remainder when 144 is divided by 15?
9
What is the remainder when 88 is divided by 42?
4
Calculate the remainder when 1697 is divided by 142.
135
Calculate the remainder when 97 is divided by 10.
7
What is the remainder when 4173 is divided by 31?
19
What is the remainder when 15 is divided by 8?
7
What is the remainder when 236 is divided by 20?
16
Calculate the remainder when 1811 is divided by 1801.
10
Calculate the remainder when 360 is divided by 77.
52
Calculate the remainder when 87 is divided by 38.
11
Calculate the remainder when 5630 is divided by 60.
50
What is the remainder when 87 is divided by 25?
12
What is the remainder when 15656 is divided by 45?
41
Calculate the remainder when 407 is divided by 28.
15
Calculate the remainder when 107 is divided by 67.
40
What is the remainder when 312 is divided by 101?
9
Calculate the remainder when 2461 is divided by 145.
141
Calculate the remainder when 2772 is divided by 15.
12
What is the remainder when 1397 is divided by 138?
17
What is the remainder when 279 is divided by 134?
11
Calculate the remainder when 334 is divided by 26.
22
Calculate the remainder when 58 is divided by 10.
8
Calculate the remainder when 62 is divided by 34.
28
What is the remainder when 146 is divided by 31?
22
What is the remainder when 84 is divided by 30?
24
Calculate the remainder when 10145 is divided by 27.
20
What is the remainder when 206 is divided by 10?
6
Calculate the remainder when 621 is divided by 28.
5
What is the remainder when 7589 is divided by 73?
70
Calculate the remainder when 1623 is divided by 272.
263
What is the remainder when 867 is divided by 10?
7
What is the remainder when 1297 is divided by 118?
117
What is the remainder when 115 is divided by 40?
35
Calculate the remainder when 26 is divided by 17.
9
Calculate the remainder when 1693 is divided by 28.
13
What is the remainder when 942 is divided by 4?
2
What is the remainder when 33 is divided by 3?
0
Calculate the remainder when 49 is divided by 27.
22
What is the remainder when 3232 is divided by 53?
52
What is the remainder when 3042 is divided by 21?
18
Calculate the remainder when 1041 is divided by 12.
9
Calculate the remainder when 222 is divided by 11.
2
Calculate the remainder when 385 is divided by 16.
1
Calculate the remainder when 4483 is divided by 76.
75
Calculate the remainder when 48 is divided by 21.
6
What is the remainder when 3070 is divided by 29?
25
Calculate the remainder when 452 is divided by 244.
208
What is the remainder when 21 is divided by 7?
0
Calculate the remainder when 1955 is divided by 68.
51
Calculate the remainder when 259 is divided by 18.
7
Calculate the remainder when 135 is divided by 34.
33
What is the remainder when 9707 is divided by 133?
131
What is the remainder when 1901 is divided by 212?
205
What is the remainder when 1175 is divided by 31?
28
Calculate the remainder when 241 is divided by 37.
19
What is the remainder when 318 is divided by 32?
30
What is the remainder when 5717 is divided by 22?
19
Calculate the remainder when 13480 is divided by 3.
1
Calculate the remainder when 443 is divided by 98.
51
What is the remainder when 145 is divided by 20?
5
What is the remainder when 1741 is divided by 16?
13
Calculate the remainder when 260 is divided by 84.
8
What is the remainder when 3304 is divided by 50?
4
What is the remainder when 1083 is divided by 49?
5
What is the remainder when 31 is divided by 2?
1
What is the remainder when 434 is divided by 44?
38
Calculate the remainder when 403 is divided by 144.
115
Calculate the remainder when 57 is divided by 9.
3
Calculate the remainder when 503 is divided by 13.
9
Calculate the remainder when 53 is divided by 37.
16
What is the remainder when 125 is divided by 26?
21
What is the remainder when 542 is divided by 78?
74
What is the remainder when 234 is divided by 20?
14
Calculate the remainder when 2049 is divided by 21.
12
Calculate the remainder when 63 is divided by 7.
0
What is the remainder when 806 is divided by 54?
50
What is the remainder when 171 is divided by 95?
76
Calculate the remainder when 687 is divided by 80.
47
What is the remainder when 277 is divided by 9?
7
What is the remainder when 100 is divided by 86?
14
What is the remainder when 25230 is divided by 74?
70
Calculate the remainder when 859 is divided by 108.
103
Calculate the remainder when 593 is divided by 33.
32
What is the remainder when 79 is divided by 21?
16
Calculate the remainder when 163 is divided by 2.
1
Calculate the remainder when 1239 is divided by 178.
171
Calculate the remainder when 1350 is divided by 26.
24
Calculate the remainder when 103 is divided by 15.
13
Calculate the remainder when 154 is divided by 55.
44
What is the remainder when 419 is divided by 14?
13
Calculate the remainder when 162 is divided by 59.
44
Calculate the remainder when 117 is divided by 4.
1
Calculate the remainder when 109 is divided by 108.
1
What is the remainder when 141 is divided by 17?
5
What is the remainder when 738 is divided by 123?
0
What is the remainder when 59 is divided by 21?
17
Calculate the remainder when 563 is divided by 554.
9
What is the remainder when 232 is divided by 149?
83
What is the remainder when 2157 is divided by 13?
12
What is the remainder when 2427 is divided by 37?
22
What is the remainder when 56 is divided by 26?
4
Calculate the remainder when 182 is divided by 83.
16
What is the remainder when 21 is divided by 11?
10
Calculate the remainder when 70 is divided by 15.
10
Calculate the remainder when 1513 is divided by 365.
53
What is the remainder when 4029 is divided by 24?
21
What is the remainder when 756 is divided by 26?
2
Calculate the remainder when 3002 is divided by 5.
2
Calculate the remainder when 346 is divided by 30.
16
Calculate the remainder when 394 is divided by 46.
26
What is the remainder when 1261 is divided by 74?
3
What is the remainder when 1485 is divided by 368?
13
What is the remainder when 135 is divided by 31?
11
What is the remainder when 4269 is divided by 212?
29
What is the remainder when 1671 is divided by 37?
6
What is the remainder when 134 is divided by 9?
8
What is the remainder when 133 is divided by 85?
48
Calculate the remainder when 317 is divided by 61.
12
Calculate the remainder when 4319 is divided by 56.
7
What is the remainder when 648 is divided by 13?
11
What is the remainder when 32 is divided by 11?
10
Calculate the remainder when 83 is divided by 29.
25
Calculate the remainder when 243 is divided by 82.
79
What is the remainder when 151 is divided by 123?
28
Calculate the remainder when 196 is divided by 45.
16
Calculate the remainder when 20374 is divided by 36.
34
What is the remainder when 499 is divided by 159?
22
Calculate the remainder when 426 is divided by 33.
30
What is the remainder when 24 is divided by 3?
0
Calculate the remainder when 156 is divided by 145.
11
Calculate the remainder when 5745 is divided by 115.
110
What is the remainder when 32174 is divided by 117?
116
What is the remainder when 3697 is divided by 3